 c(1). Suppose 0 = 2*f + 4*a - 31 - 3, 5*a = -s*f + 68. What is the tens digit of f?
1
Let u = 1052 - -174. What is the units digit of u?
6
Let o = -2503 + 2996. What is the units digit of o?
3
Suppose -30 = z - 6*z. Let u(m) = 5*m**2 + 5*m**3 - 3*m**3 - m**3 - z. What is the tens digit of u(3)?
6
What is the units digit of (28/56)/((-1)/(-30))?
5
Suppose -19*j + 98 = -12*j. Let n be ((1 - -13)/(-2))/(-1). Let r = n + j. What is the units digit of r?
1
Let r be ((-8)/2)/(-3 - 11/(-4)). Suppose 23 = 5*s - 0*d - d, -2*s + 14 = -2*d. Suppose -5*j + r = -i - 102, s*j - 94 = i. What is the units digit of j?
4
Let u(d) = 1. Let x(s) be the first derivative of 3*s**2 + 6*s - 1. Let p(a) = 5*u(a) - x(a). What is the units digit of p(-2)?
1
Let r(v) = v**3 + 8*v**2 - 7*v - 10. Let w be r(-7). Let f = w + -57. Suppose -4*q + 17 = -f. What is the units digit of q?
2
Suppose -5*r = 4*u - 8002, -4010 = -18*u + 16*u + 2*r. What is the hundreds digit of u?
0
Suppose -t = 2*w - 589, t + 3*w - 1761 = -2*t. What is the hundreds digit of t?
5
Suppose 50 = 2*a + 3*a - 5*g, 0 = -4*a + 3*g + 42. What is the tens digit of a?
1
Let w(g) be the second derivative of g**5/20 - g**4/2 - 5*g**3/6 + 9*g**2/2 + 3*g. Let d be (4/(-8))/(2/(-28)). What is the tens digit of w(d)?
2
Let f(d) = 220*d + 123. What is the thousands digit of f(8)?
1
Let c(n) = -n + 11 + 42 + 6*n - 7*n. What is the tens digit of c(10)?
3
Let h(g) = g**3 - 48*g + 8. What is the hundreds digit of h(10)?
5
Let v = 482 + -208. What is the tens digit of v?
7
Let h be 74/6 - 18/(-27). Suppose -2*s + 10 = 0, h + 59 = 2*v - 4*s. Suppose v = 3*d - 4*r - 21, -d + 5*r + 15 = 0. What is the units digit of d?
5
Suppose -2*z - y + 13 = 0, 2*y + 6 + 4 = 5*z. Suppose -5*r + 165 = 5*o, o + 99 = z*o + r. What is the units digit of o?
3
Let i(z) = 19 - 5 + 11 + z + z**2. Let m be i(0). Suppose m = -j + 6*j. What is the units digit of j?
5
Let p = 43 + 10. Suppose 5*z - p - 282 = 0. What is the tens digit of z?
6
Let l(b) = b**2 - 12*b + 13. Let c = -10 - -19. Let v be l(c). Let t = v - -22. What is the units digit of t?
8
Suppose -a = 75 + 47. Let g = 18 - a. Suppose o = -l + 4*o + 14, -5*l = -o - g. What is the units digit of l?
9
Let y be (3/2)/(((-9)/4)/3). What is the tens digit of (374/85)/((2/(-5))/y)?
2
Suppose i + a = -a + 10, 5*a = 15. Suppose -i*r + 308 = 3*r. What is the units digit of r?
4
Suppose 0*j - 2*j + d + 35 = 0, 3*d + 9 = 0. Let y = 13 - j. What is the units digit of 37 + y/3 + 3?
9
Suppose -3*a + 6*l + 41 = 4*l, -5*l = -5*a + 75. Suppose 0 = a*o - 8*o - 30. What is the tens digit of o + 1 + (9 - 9)?
1
Let s(h) = h**3 - 5*h**2 + 7*h - 8. Let x be s(4). Suppose -z - x*z = -75. What is the tens digit of z?
1
Let i = 35 - 32. Suppose -4*f - 2*z = -230, -i*f + 2*z + 83 = -107. What is the units digit of f?
0
What is the hundreds digit of 58/87 + (-1484)/(-6)?
2
Let l = 32 - 28. What is the tens digit of ((-18)/(-15))/(l/70)?
2
Let n = -3457 + 6758. What is the thousands digit of n?
3
Let p(c) = c + 3. Let o be p(1). Suppose 0 = o*t - 3*t + 2*j - 110, -3*j + 345 = 3*t. What is the units digit of t?
0
Let f(c) = -6*c - 54. Let x be f(-8). Let o(l) = l - 1. Let p be o(1). Let a = p - x. What is the units digit of a?
6
Let k be (6 - -3)*30/9. Let u(w) = 1 - k*w + 15*w - 4*w. What is the tens digit of u(-1)?
2
Let m = -1 + 6. Suppose 92 + 43 = -m*p. What is the units digit of (p/18)/((-6)/100)?
5
Suppose -6*r + 200 = -2*r. Let v(q) = 7*q**2 - q - 2. Let h be v(-1). Suppose 5*u = -5*a + r, u - 4*a - h - 4 = 0. What is the tens digit of u?
1
Let r = 1582 + -1077. What is the hundreds digit of r?
5
Let h(i) = 4*i**3 - 4*i**2 + 4*i + 1. Let j be h(3). Suppose 5 = -4*t + j. What is the units digit of t/30*(-6)/(-4)?
1
Suppose -7*h - 12 + 68 = 0. Suppose 0 = -3*b + j + 13, 0 = -b + 2*j + 2*j + h. Suppose -5*i + 4*c = -198, -b*i - 7*c + 146 = -4*c. What is the units digit of i?
8
Suppose -5*b - 69 + 279 = 0. Suppose -3*h + 6 = -b. What is the tens digit of h?
1
Let y(k) = -k**2 + 12*k - 18. Let x be y(10). Suppose -x = -3*o + 4*o, -2*o = -5*h + 894. What is the units digit of h?
8
Let b be -2*(4*-1)/8. Let v = b - -1. Suppose 0*s - v*s + 36 = 0. What is the units digit of s?
8
Suppose -308 = -3*f - 2*p, 3*f - p = p + 316. What is the tens digit of f?
0
Let f(n) = n**3 - 12*n**2 - 13*n + 3. Let j be f(13). Suppose -5*m - 16 - 16 = -j*s, 0 = -2*s + 5*m + 28. Let i = 7 - s. What is the units digit of i?
3
What is the tens digit of (-7)/(-14) - 5498/(-4)?
7
What is the tens digit of (-5 - 1) + 7750/(2 - -3)?
4
Suppose 729 - 4929 = -30*v. What is the tens digit of v?
4
What is the units digit of 2/(-12)*-2*(-102732)/(-28)?
3
Let f be ((-2)/(-6))/((-10)/(-150)). Suppose 0 = -2*s + f + 3. Suppose 0 = 5*u - 2*d - 323, -3*u - s*d + 65 = -134. What is the units digit of u?
5
Suppose 2*s + 3 = 13. Suppose -130 + 25 = s*j. Let n = -9 - j. What is the units digit of n?
2
Suppose -45149 = 47*h - 60*h. What is the hundreds digit of h?
4
Suppose -2*o + 3*o = 5*u + 11, -5*u = 0. Suppose 13*p - o*p - 154 = 0. What is the units digit of p?
7
What is the hundreds digit of (-6247)/(-8) + 4/32?
7
What is the tens digit of (-144)/336 - 26200/(-14)?
7
Suppose 0*y + 68 = 3*y + 2*q, -2*y - 3*q + 47 = 0. What is the tens digit of y - (-4)/((-12)/9)?
1
Suppose -2*q = -4*q + 6060. Suppose -2*x + 5*x - q = 0. What is the tens digit of x/25 - 4/10?
4
Let w(s) = s**2 - 6*s + 6. Let d be w(3). Let y = 48 - d. What is the tens digit of y?
5
Suppose 0*v + 13 = v - a, 62 = 5*v - 4*a. Let k(b) = -b**3 + 11*b**2 + 8*b - 3. What is the units digit of k(v)?
7
Let c(g) = 54*g**2 - 6*g - 8. What is the units digit of c(4)?
2
Let b be -253*3*4/(-4). Suppose -5*z + b = -116. What is the tens digit of z?
7
Let c be (-5 - 65/(-15)) + 482/(-6). What is the tens digit of c/15 + 5 - (-144)/10?
1
Let l(n) be the third derivative of n**6/120 + n**5/5 + n**4/8 + 35*n**3/6 + 4*n**2. What is the hundreds digit of l(-11)?
1
Let k = 24 + -33. Let r be 2/k + 329/63. Suppose r*o = 31 + 164. What is the tens digit of o?
3
Let f = -942 + 4538. What is the units digit of f?
6
Let w be -3 - (0 + (-102)/2). Let s = w - 20. What is the units digit of s?
8
Let c = 11 - 6. Suppose 11 + 9 = c*g. Suppose 0 = -g*o + i + 30 + 50, 4*o = -3*i + 64. What is the units digit of o?
9
Let m = 180 + -262. Let x = m - -164. What is the units digit of x?
2
Suppose -150 - 46 = s. Let g = -110 - s. What is the tens digit of g?
8
Let v(m) = -m**2 - 132*m + 73. What is the thousands digit of v(-36)?
3
Suppose 0 = 6*o + 21*o - 42552. What is the units digit of o?
6
Suppose 13*u - 2749 = -487. Let d = u - 47. What is the units digit of d?
7
Let b be 448/(-40) - (-3)/30*2. Let d = b - -29. What is the tens digit of d?
1
Suppose -12*b + 3046 = -314. What is the tens digit of b?
8
Suppose -13720 = -355*u + 348*u. What is the hundreds digit of u?
9
Let a be 8 + (-24)/2 + 7. Let o = -5 - -17. Suppose 3*z - o = -z, 4*p + a*z = 21. What is the units digit of p?
3
Let t(p) = -3*p + 2. Let a be t(0). What is the units digit of (2 + 368/10)*5/a?
7
Suppose -2*r = -3*r - 4, -k + 4 = 4*r. Let g be (48/60)/((-2)/20). What is the units digit of (-1)/((g/k)/2)?
5
Let r = 26 + -14. Suppose 3*o - 6 = -4*u + 17, u = -2*o + r. Suppose -3*m + 7 = 2*j, 0*j + u = -2*m + 2*j. What is the units digit of m?
1
Let v = 3 - 5. Let a be 5*v + (-5 - -4). Let g = 18 - a. What is the tens digit of g?
2
Suppose 0 = -3*w + 6, -2*m - 5*w + 2 = -16. Suppose -m*r = -47 - 233. Let d = r + -41. What is the units digit of d?
9
Let c(r) = r + 11. Let x be c(-7). Suppose -13 + x = -3*s. Let y = 17 + s. What is the units digit of y?
0
Let c = -6 - -12. Let m be (1/2)/((492/(-120))/41). What is the units digit of (-1)/(2/c) - m?
2
Let z = 3 - 3. Suppose 0*x + x - 24 = 2*r, z = -x - 5*r + 3. What is the units digit of x?
8
Suppose -5*h - 3*p + 60 = 0, 25 = -10*p + 15*p. Suppose 10*x - 1729 = -h*x. What is the units digit of x?
1
Let x = -89 + 372. What is the hundreds digit of x?
2
Let o(r) = 183*r + 6. What is the units digit of o(16)?
4
What is the units digit of (-6)/24*-12 + 589?
2
Let w be 88/(-5) - 6/(-10). Let p = w - -28. Let t = p - 9. What is the units digit of t?
2
What is the tens digit of ((-12)/(-21))/(-5*4/(-7910))?
2
Suppos